{"id":4395957,"date":"2022-02-14T13:35:52","date_gmt":"2022-02-14T12:35:52","guid":{"rendered":"https:\/\/schneider-sendelbach.de\/?page_id=4395957"},"modified":"2026-03-05T16:20:06","modified_gmt":"2026-03-05T15:20:06","slug":"contact-imprint","status":"publish","type":"page","link":"https:\/\/schneider-sendelbach.de\/english\/contact-imprint\/","title":{"rendered":"Contact \/ Imprint"},"content":{"rendered":"<p>[et_pb_section fb_built=&#8221;1&#8243; _builder_version=&#8221;4.16&#8243; _module_preset=&#8221;default&#8221; custom_margin=&#8221;||||false|false&#8221; custom_padding=&#8221;||||false|false&#8221; animation_style=&#8221;fade&#8221; animation_duration=&#8221;0ms&#8221; global_colors_info=&#8221;{}&#8221;][et_pb_row column_structure=&#8221;1_3,1_3,1_3&#8243; _builder_version=&#8221;4.16&#8243; _module_preset=&#8221;default&#8221; global_colors_info=&#8221;{}&#8221;][et_pb_column type=&#8221;1_3&#8243; _builder_version=&#8221;4.16&#8243; _module_preset=&#8221;default&#8221; global_colors_info=&#8221;{}&#8221;][et_pb_text _builder_version=&#8221;4.23.4&#8243; _module_preset=&#8221;default&#8221; global_colors_info=&#8221;{}&#8221;]<\/p>\n<p>SCHNEIDER + SENDELBACH ARCHITEKTENGESELLSCHAFT mbH<br \/>Breite Stra\u00dfe 15<br \/>D &#8211; 38100 Braunschweig<\/p>\n<p>Telefon +49 531 24409-0<\/p>\n<p><a href=\"mailto:office@schneider-sendelbach.de\">office@schneider-sendelbach.de<\/a><br \/>www.schneider-sendelbach.de<\/p>\n<p>[\/et_pb_text][\/et_pb_column][et_pb_column type=&#8221;1_3&#8243; _builder_version=&#8221;4.16&#8243; _module_preset=&#8221;default&#8221; global_colors_info=&#8221;{}&#8221;][et_pb_text _builder_version=&#8221;4.27.6&#8243; _module_preset=&#8221;default&#8221; hover_enabled=&#8221;0&#8243; global_colors_info=&#8221;{}&#8221; sticky_enabled=&#8221;0&#8243;]<\/p>\n<p>gesch\u00e4ftsf\u00fchrende Gesellschafter:<br \/>Ulrich Schneider<br \/>Dipl.-Ing. Architekt BDA<br \/>Karlheinz Sendelbach<br \/>Dipl.-Ing. Architekt BDA<\/p>\n<p>[\/et_pb_text][\/et_pb_column][et_pb_column type=&#8221;1_3&#8243; _builder_version=&#8221;4.16&#8243; _module_preset=&#8221;default&#8221; global_colors_info=&#8221;{}&#8221;][et_pb_text _builder_version=&#8221;4.27.6&#8243; _module_preset=&#8221;default&#8221; hover_enabled=&#8221;0&#8243; global_colors_info=&#8221;{}&#8221; sticky_enabled=&#8221;0&#8243;]<\/p>\n<p>Architektenkammer<br \/>Niedersachsen GL-Nr. 22<\/p>\n<p>Amtsgericht<br \/>Braunschweig HRB 9892<\/p>\n<p>USt-Id Nr. DE 240105423<\/p>\n<p>[\/et_pb_text][\/et_pb_column][\/et_pb_row][et_pb_row _builder_version=&#8221;4.16&#8243; _module_preset=&#8221;default&#8221; custom_margin=&#8221;40px||||false|false&#8221; custom_padding=&#8221;||||false|false&#8221; global_colors_info=&#8221;{}&#8221;][et_pb_column type=&#8221;4_4&#8243; _builder_version=&#8221;4.16&#8243; _module_preset=&#8221;default&#8221; global_colors_info=&#8221;{}&#8221;][et_pb_text admin_label=&#8221;Disclaimer&#8221; _builder_version=&#8221;4.18.0&#8243; _module_preset=&#8221;default&#8221; global_colors_info=&#8221;{}&#8221;]D I S C L A I M E R<\/p>\n<p><strong>Limitation of liability for internal content<\/strong><br \/>\nThe content of our website has been compiled with meticulous care and to the best of our knowledge. However, we cannot assume any liability for the up-to-dateness, completeness or accuracy of any of the pages. Pursuant to section 7, para. 1 of the TMG (Telemediengesetz \u2013 Tele Media Act by German law), we as service providers are liable for our own content on these pages in accordance with general laws. However, pursuant to sections 8 to 10 of the TMG, we as service providers are not under obligation to monitor external information provided or stored on our website. Once we have become aware of a specific infringement of the law, we will immediately remove the content in question. Any liability concerning this matter can only be assumed from the point in time at which the infringement becomes known to us.<\/p>\n<p><strong>Limitation of liability for external links<\/strong><br \/>\nOur website contains links to the websites of third parties (\u00bbexternal links\u00ab). As the content of these websites is not under our control, we cannot assume any liability for such external content. In all cases, the provider of information of the linked websites is liable for the content and accuracy of the information provided. At the point in time when the links were placed, no infringements of the law were recognisable to us. As soon as an infringement of the law becomes known to us, we will immediately remove the link in question.<\/p>\n<p><strong>Coypright<\/strong><br \/>\nThe content and works published on this website are governed by the copyright laws of Germany. Any duplication, processing, distribution or any form of utilisation beyond the scope of copyright law shall require the prior written consent of the author or authors in question.<\/p>\n<p><strong>Data Protection<\/strong><br \/>\nHere you can find our <a href=\"https:\/\/schneider-sendelbach.de\/english\/privacy\/\">data protection declaration<\/a>.[\/et_pb_text][\/et_pb_column][\/et_pb_row][et_pb_row _builder_version=&#8221;4.16&#8243; _module_preset=&#8221;default&#8221; global_colors_info=&#8221;{}&#8221;][et_pb_column type=&#8221;4_4&#8243; _builder_version=&#8221;4.16&#8243; _module_preset=&#8221;default&#8221; global_colors_info=&#8221;{}&#8221;][et_pb_text admin_label=&#8221;Footer&#8221; module_id=&#8221;footer-info&#8221; _builder_version=&#8221;4.19.4&#8243; _module_preset=&#8221;default&#8221; text_font_size_tablet=&#8221;14px&#8221; text_font_size_phone=&#8221;14px&#8221; text_font_size_last_edited=&#8221;on|tablet&#8221; global_colors_info=&#8221;{}&#8221;]<\/p>\n<p style=\"text-align: right;\">\u00a9 <script>document.write(new Date().getFullYear());<\/script> |  <span class=\"footer-a\">Contact \/ Imprint<\/span> | <a href=\"https:\/\/schneider-sendelbach.de\/english\/privacy\/\">Privacy<\/a><\/p>\n<p>[\/et_pb_text][\/et_pb_column][\/et_pb_row][\/et_pb_section]<\/p>\n","protected":false},"excerpt":{"rendered":"<p>SCHNEIDER + SENDELBACH ARCHITEKTENGESELLSCHAFT mbHBreite Stra\u00dfe 15D &#8211; 38100 Braunschweig Telefon +49 531 24409-0 office@schneider-sendelbach.dewww.schneider-sendelbach.degesch\u00e4ftsf\u00fchrende Gesellschafter:Ulrich SchneiderDipl.-Ing. Architekt BDAKarlheinz SendelbachDipl.-Ing. Architekt BDAArchitektenkammerNiedersachsen GL-Nr. 22 AmtsgerichtBraunschweig HRB 9892 USt-Id Nr. DE 240105423D I S C L A I M E R Limitation of liability for internal content The content of our website has been compiled with [&hellip;]<\/p>\n","protected":false},"author":1,"featured_media":0,"parent":0,"menu_order":6,"comment_status":"closed","ping_status":"closed","template":"","meta":{"_et_pb_use_builder":"on","_et_pb_old_content":"","_et_gb_content_width":"","footnotes":""},"class_list":["post-4395957","page","type-page","status-publish","hentry"],"yoast_head":"<!-- This site is optimized with the Yoast SEO plugin v27.4 - https:\/\/yoast.com\/product\/yoast-seo-wordpress\/ -->\n<title>Schneider + Sendelbach | Contact \/ Imprint<\/title>\n<meta name=\"description\" content=\"Contact and imprint of Scheider + Sendelbach Architektengesellschaft mbH with founding seat in Braunschweig, Germany.\" \/>\n<meta name=\"robots\" content=\"index, follow, max-snippet:-1, max-image-preview:large, max-video-preview:-1\" \/>\n<link rel=\"canonical\" href=\"https:\/\/schneider-sendelbach.de\/english\/contact-imprint\/\" \/>\n<meta property=\"og:locale\" content=\"de_DE\" \/>\n<meta property=\"og:type\" content=\"article\" \/>\n<meta property=\"og:title\" content=\"Schneider + Sendelbach | Contact \/ Imprint\" \/>\n<meta property=\"og:description\" content=\"Contact and imprint of Scheider + Sendelbach Architektengesellschaft mbH with founding seat in Braunschweig, Germany.\" \/>\n<meta property=\"og:url\" content=\"https:\/\/schneider-sendelbach.de\/english\/contact-imprint\/\" \/>\n<meta property=\"og:site_name\" content=\"Schneider + Sendelbach\" \/>\n<meta property=\"article:modified_time\" content=\"2026-03-05T15:20:06+00:00\" \/>\n<meta name=\"twitter:card\" content=\"summary_large_image\" \/>\n<meta name=\"twitter:label1\" content=\"Gesch\u00e4tzte Lesezeit\" \/>\n\t<meta name=\"twitter:data1\" content=\"2\u00a0Minuten\" \/>\n<script type=\"application\/ld+json\" class=\"yoast-schema-graph\">{\"@context\":\"https:\\\/\\\/schema.org\",\"@graph\":[{\"@type\":\"WebPage\",\"@id\":\"https:\\\/\\\/schneider-sendelbach.de\\\/english\\\/contact-imprint\\\/\",\"url\":\"https:\\\/\\\/schneider-sendelbach.de\\\/english\\\/contact-imprint\\\/\",\"name\":\"Schneider + Sendelbach | Contact \\\/ Imprint\",\"isPartOf\":{\"@id\":\"https:\\\/\\\/schneider-sendelbach.de\\\/english\\\/#website\"},\"datePublished\":\"2022-02-14T12:35:52+00:00\",\"dateModified\":\"2026-03-05T15:20:06+00:00\",\"description\":\"Contact and imprint of Scheider + Sendelbach Architektengesellschaft mbH with founding seat in Braunschweig, Germany.\",\"breadcrumb\":{\"@id\":\"https:\\\/\\\/schneider-sendelbach.de\\\/english\\\/contact-imprint\\\/#breadcrumb\"},\"inLanguage\":\"de\",\"potentialAction\":[{\"@type\":\"ReadAction\",\"target\":[\"https:\\\/\\\/schneider-sendelbach.de\\\/english\\\/contact-imprint\\\/\"]}]},{\"@type\":\"BreadcrumbList\",\"@id\":\"https:\\\/\\\/schneider-sendelbach.de\\\/english\\\/contact-imprint\\\/#breadcrumb\",\"itemListElement\":[{\"@type\":\"ListItem\",\"position\":1,\"name\":\"Startseite\",\"item\":\"https:\\\/\\\/schneider-sendelbach.de\\\/english\\\/\"},{\"@type\":\"ListItem\",\"position\":2,\"name\":\"Contact \\\/ Imprint\"}]},{\"@type\":\"WebSite\",\"@id\":\"https:\\\/\\\/schneider-sendelbach.de\\\/english\\\/#website\",\"url\":\"https:\\\/\\\/schneider-sendelbach.de\\\/english\\\/\",\"name\":\"Schneider + Sendelbach\",\"description\":\"\",\"publisher\":{\"@id\":\"https:\\\/\\\/schneider-sendelbach.de\\\/english\\\/#organization\"},\"potentialAction\":[{\"@type\":\"SearchAction\",\"target\":{\"@type\":\"EntryPoint\",\"urlTemplate\":\"https:\\\/\\\/schneider-sendelbach.de\\\/english\\\/?s={search_term_string}\"},\"query-input\":{\"@type\":\"PropertyValueSpecification\",\"valueRequired\":true,\"valueName\":\"search_term_string\"}}],\"inLanguage\":\"de\"},{\"@type\":\"Organization\",\"@id\":\"https:\\\/\\\/schneider-sendelbach.de\\\/english\\\/#organization\",\"name\":\"SCHNEIDER + SENDELBACH\",\"url\":\"https:\\\/\\\/schneider-sendelbach.de\\\/english\\\/\",\"logo\":{\"@type\":\"ImageObject\",\"inLanguage\":\"de\",\"@id\":\"https:\\\/\\\/schneider-sendelbach.de\\\/english\\\/#\\\/schema\\\/logo\\\/image\\\/\",\"url\":\"https:\\\/\\\/schneider-sendelbach.de\\\/english\\\/wp-content\\\/uploads\\\/2021\\\/12\\\/branding.jpg\",\"contentUrl\":\"https:\\\/\\\/schneider-sendelbach.de\\\/english\\\/wp-content\\\/uploads\\\/2021\\\/12\\\/branding.jpg\",\"width\":441,\"height\":16,\"caption\":\"SCHNEIDER + SENDELBACH\"},\"image\":{\"@id\":\"https:\\\/\\\/schneider-sendelbach.de\\\/english\\\/#\\\/schema\\\/logo\\\/image\\\/\"}}]}<\/script>\n<!-- \/ Yoast SEO plugin. -->","yoast_head_json":{"title":"Schneider + Sendelbach | Contact \/ Imprint","description":"Contact and imprint of Scheider + Sendelbach Architektengesellschaft mbH with founding seat in Braunschweig, Germany.","robots":{"index":"index","follow":"follow","max-snippet":"max-snippet:-1","max-image-preview":"max-image-preview:large","max-video-preview":"max-video-preview:-1"},"canonical":"https:\/\/schneider-sendelbach.de\/english\/contact-imprint\/","og_locale":"de_DE","og_type":"article","og_title":"Schneider + Sendelbach | Contact \/ Imprint","og_description":"Contact and imprint of Scheider + Sendelbach Architektengesellschaft mbH with founding seat in Braunschweig, Germany.","og_url":"https:\/\/schneider-sendelbach.de\/english\/contact-imprint\/","og_site_name":"Schneider + Sendelbach","article_modified_time":"2026-03-05T15:20:06+00:00","twitter_card":"summary_large_image","twitter_misc":{"Gesch\u00e4tzte Lesezeit":"2\u00a0Minuten"},"schema":{"@context":"https:\/\/schema.org","@graph":[{"@type":"WebPage","@id":"https:\/\/schneider-sendelbach.de\/english\/contact-imprint\/","url":"https:\/\/schneider-sendelbach.de\/english\/contact-imprint\/","name":"Schneider + Sendelbach | Contact \/ Imprint","isPartOf":{"@id":"https:\/\/schneider-sendelbach.de\/english\/#website"},"datePublished":"2022-02-14T12:35:52+00:00","dateModified":"2026-03-05T15:20:06+00:00","description":"Contact and imprint of Scheider + Sendelbach Architektengesellschaft mbH with founding seat in Braunschweig, Germany.","breadcrumb":{"@id":"https:\/\/schneider-sendelbach.de\/english\/contact-imprint\/#breadcrumb"},"inLanguage":"de","potentialAction":[{"@type":"ReadAction","target":["https:\/\/schneider-sendelbach.de\/english\/contact-imprint\/"]}]},{"@type":"BreadcrumbList","@id":"https:\/\/schneider-sendelbach.de\/english\/contact-imprint\/#breadcrumb","itemListElement":[{"@type":"ListItem","position":1,"name":"Startseite","item":"https:\/\/schneider-sendelbach.de\/english\/"},{"@type":"ListItem","position":2,"name":"Contact \/ Imprint"}]},{"@type":"WebSite","@id":"https:\/\/schneider-sendelbach.de\/english\/#website","url":"https:\/\/schneider-sendelbach.de\/english\/","name":"Schneider + Sendelbach","description":"","publisher":{"@id":"https:\/\/schneider-sendelbach.de\/english\/#organization"},"potentialAction":[{"@type":"SearchAction","target":{"@type":"EntryPoint","urlTemplate":"https:\/\/schneider-sendelbach.de\/english\/?s={search_term_string}"},"query-input":{"@type":"PropertyValueSpecification","valueRequired":true,"valueName":"search_term_string"}}],"inLanguage":"de"},{"@type":"Organization","@id":"https:\/\/schneider-sendelbach.de\/english\/#organization","name":"SCHNEIDER + SENDELBACH","url":"https:\/\/schneider-sendelbach.de\/english\/","logo":{"@type":"ImageObject","inLanguage":"de","@id":"https:\/\/schneider-sendelbach.de\/english\/#\/schema\/logo\/image\/","url":"https:\/\/schneider-sendelbach.de\/english\/wp-content\/uploads\/2021\/12\/branding.jpg","contentUrl":"https:\/\/schneider-sendelbach.de\/english\/wp-content\/uploads\/2021\/12\/branding.jpg","width":441,"height":16,"caption":"SCHNEIDER + SENDELBACH"},"image":{"@id":"https:\/\/schneider-sendelbach.de\/english\/#\/schema\/logo\/image\/"}}]}},"_links":{"self":[{"href":"https:\/\/schneider-sendelbach.de\/english\/wp-json\/wp\/v2\/pages\/4395957","targetHints":{"allow":["GET"]}}],"collection":[{"href":"https:\/\/schneider-sendelbach.de\/english\/wp-json\/wp\/v2\/pages"}],"about":[{"href":"https:\/\/schneider-sendelbach.de\/english\/wp-json\/wp\/v2\/types\/page"}],"author":[{"embeddable":true,"href":"https:\/\/schneider-sendelbach.de\/english\/wp-json\/wp\/v2\/users\/1"}],"replies":[{"embeddable":true,"href":"https:\/\/schneider-sendelbach.de\/english\/wp-json\/wp\/v2\/comments?post=4395957"}],"version-history":[{"count":8,"href":"https:\/\/schneider-sendelbach.de\/english\/wp-json\/wp\/v2\/pages\/4395957\/revisions"}],"predecessor-version":[{"id":4396742,"href":"https:\/\/schneider-sendelbach.de\/english\/wp-json\/wp\/v2\/pages\/4395957\/revisions\/4396742"}],"wp:attachment":[{"href":"https:\/\/schneider-sendelbach.de\/english\/wp-json\/wp\/v2\/media?parent=4395957"}],"curies":[{"name":"wp","href":"https:\/\/api.w.org\/{rel}","templated":true}]}}